{"id":180,"date":"2014-01-30T14:50:23","date_gmt":"2014-01-30T12:50:23","guid":{"rendered":"http:\/\/goerlitzer-meridian.de\/?page_id=180"},"modified":"2014-02-07T12:39:38","modified_gmt":"2014-02-07T10:39:38","slug":"2011-karlheinz-baumann","status":"publish","type":"page","link":"https:\/\/goerlitzer-meridian.de\/?page_id=180","title":{"rendered":"2011 &#8211; Karlheinz Baumann"},"content":{"rendered":"<p><span><img loading=\"lazy\" decoding=\"async\" class=\"alignleft size-medium wp-image-226\" alt=\"Preistr\u00e4ger 2011 - Karlheinz Baumann\" src=\"https:\/\/goerlitzer-meridian.de\/wp-content\/uploads\/2014\/01\/2011_Baumann-200x300.jpg\" width=\"200\" height=\"300\" srcset=\"https:\/\/goerlitzer-meridian.de\/wp-content\/uploads\/2014\/01\/2011_Baumann-200x300.jpg 200w, https:\/\/goerlitzer-meridian.de\/wp-content\/uploads\/2014\/01\/2011_Baumann-684x1024.jpg 684w, https:\/\/goerlitzer-meridian.de\/wp-content\/uploads\/2014\/01\/2011_Baumann.jpg 1648w\" sizes=\"auto, (max-width: 200px) 100vw, 200px\" \/>Insgesamt hat <strong><a href=\"http:\/\/www.baumann-naturfilme.de\/\" target=\"_blank\">Karlheinz Baumann<\/a><\/strong> bisher \u00fcber 70 Natur- und Tierfilme,\u00a0 u.a. f\u00fcr die ZDF-Reihe \u201eTerra X\u201c, produziert. Er erhielt daf\u00fcr eine ganze Anzahl von internationalen Auszeichnungen, in die sich der \u201eG\u00f6rlitzer Meridian 2011\u201c einreiht.<\/span><\/p>\n<p><span>Zur Begr\u00fcndung der Vergabe an Karlheinz Baumann sagte Prof. Dr. Willi Xylander, Direktor des Senckenberg Museums f\u00fcr Naturkunde G\u00f6rlitz: \u201eDer Preistr\u00e4ger ist einer der bedeutendsten lebenden deutschen Naturfilmer und Kameram\u00e4nner, der mit Akribie, seinem Fachwissen und einf\u00fchlsamen Kameraf\u00fchrung vielen Produktionen durch spektakul\u00e4re, nie gesehene Aufnahmen zu internationalem Erfolg gef\u00fchrt hat. Sein Beitrag f\u00fcr die weltweite Anerkennung deutscher Naturfilmproduktionen ist von herausragender Bedeutung.\u201c<\/span><\/p>\n<p><span><img loading=\"lazy\" decoding=\"async\" class=\"alignright size-medium wp-image-306\" alt=\"Filmpreis Baumann 2011\" src=\"https:\/\/goerlitzer-meridian.de\/wp-content\/uploads\/2014\/01\/Filmpreis-Baumann-2011-300x172.jpg\" width=\"300\" height=\"172\" srcset=\"https:\/\/goerlitzer-meridian.de\/wp-content\/uploads\/2014\/01\/Filmpreis-Baumann-2011-300x172.jpg 300w, https:\/\/goerlitzer-meridian.de\/wp-content\/uploads\/2014\/01\/Filmpreis-Baumann-2011-1024x590.jpg 1024w\" sizes=\"auto, (max-width: 300px) 100vw, 300px\" \/>Besonders bekannt ist der gemeinsam mit Volker Arzt produzierte Film \u201eAls w\u00e4ren sie nicht von dieser Welt \u2013 Der unm\u00f6gliche Lebenswandel der Schleimpilze\u201c. Diese h\u00f6chst exotische Organismengruppe geh\u00f6rt zu den Lieblingen des Baden-W\u00fcrttembergers. Vor allem mit Hilfe der Zeitraffertechnik gelangten ihm sensationelle Filmsequenzen. Die gezielte Bewegung und Organisation dieser Organismen stellen ausgefallendste Science-Fiction-Ideen in den Schatten. Baumann gilt mittlerweile als weltweiter Experte f\u00fcr Schleimpilze und verf\u00fcgt \u00fcber eine umfangreiche wissenschaftliche Sammlung dieser einzelligen Organismen.<\/span><\/p>\n","protected":false},"excerpt":{"rendered":"<p>Insgesamt hat Karlheinz Baumann bisher \u00fcber 70 Natur- und Tierfilme,\u00a0 u.a. f\u00fcr die ZDF-Reihe \u201eTerra X\u201c, produziert. Er erhielt daf\u00fcr eine ganze Anzahl von internationalen Auszeichnungen, in die sich der \u201eG\u00f6rlitzer Meridian 2011\u201c einreiht. Zur Begr\u00fcndung der Vergabe an Karlheinz Baumann sagte Prof. Dr. Willi Xylander, Direktor des Senckenberg Museums f\u00fcr Naturkunde G\u00f6rlitz: \u201eDer Preistr\u00e4ger [&hellip;]<\/p>\n","protected":false},"author":1,"featured_media":0,"parent":126,"menu_order":1,"comment_status":"closed","ping_status":"closed","template":"","meta":{"footnotes":""},"class_list":["post-180","page","type-page","status-publish","hentry"],"_links":{"self":[{"href":"https:\/\/goerlitzer-meridian.de\/index.php?rest_route=\/wp\/v2\/pages\/180","targetHints":{"allow":["GET"]}}],"collection":[{"href":"https:\/\/goerlitzer-meridian.de\/index.php?rest_route=\/wp\/v2\/pages"}],"about":[{"href":"https:\/\/goerlitzer-meridian.de\/index.php?rest_route=\/wp\/v2\/types\/page"}],"author":[{"embeddable":true,"href":"https:\/\/goerlitzer-meridian.de\/index.php?rest_route=\/wp\/v2\/users\/1"}],"replies":[{"embeddable":true,"href":"https:\/\/goerlitzer-meridian.de\/index.php?rest_route=%2Fwp%2Fv2%2Fcomments&post=180"}],"version-history":[{"count":10,"href":"https:\/\/goerlitzer-meridian.de\/index.php?rest_route=\/wp\/v2\/pages\/180\/revisions"}],"predecessor-version":[{"id":389,"href":"https:\/\/goerlitzer-meridian.de\/index.php?rest_route=\/wp\/v2\/pages\/180\/revisions\/389"}],"up":[{"embeddable":true,"href":"https:\/\/goerlitzer-meridian.de\/index.php?rest_route=\/wp\/v2\/pages\/126"}],"wp:attachment":[{"href":"https:\/\/goerlitzer-meridian.de\/index.php?rest_route=%2Fwp%2Fv2%2Fmedia&parent=180"}],"curies":[{"name":"wp","href":"https:\/\/api.w.org\/{rel}","templated":true}]}}

<p><span><img loading="lazy" decoding="async" class="alignleft size-medium wp-image-226" alt="Preisträger 2011 - Karlheinz Baumann" src="https://goerlitzer-meridian.de/wp-content/uploads/2014/01/2011_Baumann-200x300.jpg" width="200" height="300" srcset="https://goerlitzer-meridian.de/wp-content/uploads/2014/01/2011_Baumann-200x300.jpg 200w, https://goerlitzer-meridian.de/wp-content/uploads/2014/01/2011_Baumann-684x1024.jpg 684w, https://goerlitzer-meridian.de/wp-content/uploads/2014/01/2011_Baumann.jpg 1648w" sizes="auto, (max-width: 200px) 100vw, 200px" />Insgesamt hat <strong><a href="http://www.baumann-naturfilme.de/" target="_blank">Karlheinz Baumann</a></strong> bisher über 70 Natur- und Tierfilme,  u.a. für die ZDF-Reihe „Terra X“, produziert. Er erhielt dafür eine ganze Anzahl von internationalen Auszeichnungen, in die sich der „Görlitzer Meridian 2011“ einreiht.</span></p>
<p><span>Zur Begründung der Vergabe an Karlheinz Baumann sagte Prof. Dr. Willi Xylander, Direktor des Senckenberg Museums für Naturkunde Görlitz: „Der Preisträger ist einer der bedeutendsten lebenden deutschen Naturfilmer und Kameramänner, der mit Akribie, seinem Fachwissen und einfühlsamen Kameraführung vielen Produktionen durch spektakuläre, nie gesehene Aufnahmen zu internationalem Erfolg geführt hat. Sein Beitrag für die weltweite Anerkennung deutscher Naturfilmproduktionen ist von herausragender Bedeutung.“</span></p>
<p><span><img loading="lazy" decoding="async" class="alignright size-medium wp-image-306" alt="Filmpreis Baumann 2011" src="https://goerlitzer-meridian.de/wp-content/uploads/2014/01/Filmpreis-Baumann-2011-300x172.jpg" width="300" height="172" srcset="https://goerlitzer-meridian.de/wp-content/uploads/2014/01/Filmpreis-Baumann-2011-300x172.jpg 300w, https://goerlitzer-meridian.de/wp-content/uploads/2014/01/Filmpreis-Baumann-2011-1024x590.jpg 1024w" sizes="auto, (max-width: 300px) 100vw, 300px" />Besonders bekannt ist der gemeinsam mit Volker Arzt produzierte Film „Als wären sie nicht von dieser Welt – Der unmögliche Lebenswandel der Schleimpilze“. Diese höchst exotische Organismengruppe gehört zu den Lieblingen des Baden-Württembergers. Vor allem mit Hilfe der Zeitraffertechnik gelangten ihm sensationelle Filmsequenzen. Die gezielte Bewegung und Organisation dieser Organismen stellen ausgefallendste Science-Fiction-Ideen in den Schatten. Baumann gilt mittlerweile als weltweiter Experte für Schleimpilze und verfügt über eine umfangreiche wissenschaftliche Sammlung dieser einzelligen Organismen.</span></p>

<p>Insgesamt hat Karlheinz Baumann bisher über 70 Natur- und Tierfilme,  u.a. für die ZDF-Reihe „Terra X“, produziert. Er erhielt dafür eine ganze Anzahl von internationalen Auszeichnungen, in die sich der „Görlitzer Meridian 2011“ einreiht. Zur Begründung der Vergabe an Karlheinz Baumann sagte Prof. Dr. Willi Xylander, Direktor des Senckenberg Museums für Naturkunde Görlitz: „Der Preisträger [&hellip;]</p>
