{"id":280,"date":"2014-02-03T18:54:55","date_gmt":"2014-02-03T16:54:55","guid":{"rendered":"http:\/\/goerlitzer-meridian.de\/?page_id=280"},"modified":"2014-02-10T10:27:05","modified_gmt":"2014-02-10T08:27:05","slug":"2001%e2%88%92-prof-dr-heinz-sielmann","status":"publish","type":"page","link":"https:\/\/goerlitzer-meridian.de\/?page_id=280","title":{"rendered":"2001\u2212 Prof. Dr. Heinz Sielmann \u2020"},"content":{"rendered":"<p><img loading=\"lazy\" decoding=\"async\" class=\"alignleft size-medium wp-image-297\" alt=\"Heinz Sielmann\" src=\"https:\/\/goerlitzer-meridian.de\/wp-content\/uploads\/2014\/02\/Heinz-Sielmann_fotokamera_HSS-197x300.jpg\" width=\"197\" height=\"300\" srcset=\"https:\/\/goerlitzer-meridian.de\/wp-content\/uploads\/2014\/02\/Heinz-Sielmann_fotokamera_HSS-197x300.jpg 197w, https:\/\/goerlitzer-meridian.de\/wp-content\/uploads\/2014\/02\/Heinz-Sielmann_fotokamera_HSS-673x1024.jpg 673w, https:\/\/goerlitzer-meridian.de\/wp-content\/uploads\/2014\/02\/Heinz-Sielmann_fotokamera_HSS.jpg 1197w\" sizes=\"auto, (max-width: 197px) 100vw, 197px\" \/><span>Der ber\u00fchmte deutsche Naturfilmer <strong><a title=\"Zur Seite \u00fcber Heinz Sielmann\" href=\"https:\/\/www.sielmann-stiftung.de\/\" target=\"_blank\"><span>Heinz Sielmann<\/span><\/a><\/strong> erhielt den ersten G\u00f6rlitzer Meridian Naturfilmpreis im Jahr 2001.<\/span><\/p>\n<p><span>Das Interesse des 1917 in Rheydt\/ M\u00f6nchengladbach geborenen Heinz Sielmann an der Natur erwachte schon fr\u00fch, als er seinen Vater auf dessen Exkursionen begleitete. 1938 begann seine Karriere, nachdem er zur Belohnung f\u00fcr das bestandene Abitur von den Eltern seine erste Filmkamera geschenkt bekam, eine Cine Kodak Spezial. 1949 wurde Sielmanns erster abendf\u00fcllender Dokumentarfilm &#8222;Lied der Wildbahn&#8220; w\u00e4hrend der &#8222;Weltspiele Hannover&#8220; uraufgef\u00fchrt, der danach in vielen deutschen St\u00e4dten mit gro\u00dfem Erfolg lief. 1954 \u00fcbertraf Heinz Sielmann mit dem Film &#8222;Woodpecker&#8220; (die englische Version von &#8222;Zimmerleute des Waldes&#8220;) in einer Sendung der BBC sogar die Einschaltquoten der Fu\u00dfball-WM in Bern. Inzwischen erhielt der Naturfilmer, der nach eigenen Worten &#8222;auf allen Kontinenten zu Hause ist&#8220;, f\u00fcr seine Arbeiten 37 Auszeichnungen, darunter drei Bundesverdienstkreuze, den Bambi und die Goldene Kamera. In diese Galerie der Ehrungen reiht sich der G\u00f6rlitzer Meridian Naturfilmpreis ein.<\/span><\/p>\n<p><span><strong><span><img loading=\"lazy\" decoding=\"async\" class=\" wp-image-313 alignright\" alt=\"Filmpreis Sielmann 2001_3\" src=\"https:\/\/goerlitzer-meridian.de\/wp-content\/uploads\/2014\/02\/Filmpreis-Sielmann-2001_3-300x179.jpg\" width=\"300\" height=\"179\" srcset=\"https:\/\/goerlitzer-meridian.de\/wp-content\/uploads\/2014\/02\/Filmpreis-Sielmann-2001_3-300x179.jpg 300w, https:\/\/goerlitzer-meridian.de\/wp-content\/uploads\/2014\/02\/Filmpreis-Sielmann-2001_3-1024x611.jpg 1024w, https:\/\/goerlitzer-meridian.de\/wp-content\/uploads\/2014\/02\/Filmpreis-Sielmann-2001_3.jpg 1535w\" sizes=\"auto, (max-width: 300px) 100vw, 300px\" \/><\/span><a title=\"Jury\" href=\"https:\/\/goerlitzer-meridian.de\/?page_id=124\" target=\"_blank\"><span>Thomas Neumann und Prof. Willi Xylander<\/span><\/a><\/strong>, Vorsitzende des F\u00f6rderkreises, begr\u00fcndeten die Wahlentscheidung wie folgt: &#8222;Wir wollen mit unserem Preis die international bedeutendsten Naturfilmer ehren &#8211; sowohl f\u00fcr ihr filmisches Werk als auch f\u00fcr ihr Engagement f\u00fcr den Erhalt der Natur, welches sie in ihren Filmen dokumentiert haben. Es freut uns besonders, dass Prof. Heinz Sielmann die Auszeichnung erh\u00e4lt, der eine der herausragenden Figuren des deutschen Naturfilms war und ist. Seine Filme, vor allem aus den ersten Schaffensperioden, waren bahnbrechend und Ma\u00dfst\u00e4be setzend f\u00fcr den internationalen Naturfilm. Heinz Sielmann hat es dar\u00fcber hinaus immer wieder geschafft hat, mit seinen Bildern, Kommentaren und seiner enormen Popularit\u00e4t bei den Zuschauern diese anzuhalten, \u00fcber ihr Tun gegen\u00fcber der Umwelt nachzudenken und sich f\u00fcr den Umwelt- und Naturschutz einzusetzen. Er tat dies fundiert, nachdr\u00fccklich, aber ohne den erhobenen Zeigefinger. Und dies alles macht seinen Erfolg als Naturfilmer und -sch\u00fctzer aus.&#8220;<\/span><\/p>\n<p><span><strong><a title=\"Link zum Filmarchiv der Sielmann-Stiftung\" href=\"https:\/\/www.sielmann-stiftung.de\/service\/downloads\/filmarchiv\/\" target=\"_blank\"><span>Hier<\/span><\/a><\/strong> k\u00f6nnen Sie eine Auswahl an Filmen von und \u00fcber Heinz Sielmann anschauen.<\/span><\/p>\n<p><span style=\"color: #999999;\">Foto \u00a9 Heinz Sielmann Stiftung<\/span><\/p>\n","protected":false},"excerpt":{"rendered":"<p>Der ber\u00fchmte deutsche Naturfilmer Heinz Sielmann erhielt den ersten G\u00f6rlitzer Meridian Naturfilmpreis im Jahr 2001. Das Interesse des 1917 in Rheydt\/ M\u00f6nchengladbach geborenen Heinz Sielmann an der Natur erwachte schon fr\u00fch, als er seinen Vater auf dessen Exkursionen begleitete. 1938 begann seine Karriere, nachdem er zur Belohnung f\u00fcr das bestandene Abitur von den Eltern seine [&hellip;]<\/p>\n","protected":false},"author":1,"featured_media":0,"parent":126,"menu_order":6,"comment_status":"closed","ping_status":"closed","template":"","meta":{"footnotes":""},"class_list":["post-280","page","type-page","status-publish","hentry"],"_links":{"self":[{"href":"https:\/\/goerlitzer-meridian.de\/index.php?rest_route=\/wp\/v2\/pages\/280","targetHints":{"allow":["GET"]}}],"collection":[{"href":"https:\/\/goerlitzer-meridian.de\/index.php?rest_route=\/wp\/v2\/pages"}],"about":[{"href":"https:\/\/goerlitzer-meridian.de\/index.php?rest_route=\/wp\/v2\/types\/page"}],"author":[{"embeddable":true,"href":"https:\/\/goerlitzer-meridian.de\/index.php?rest_route=\/wp\/v2\/users\/1"}],"replies":[{"embeddable":true,"href":"https:\/\/goerlitzer-meridian.de\/index.php?rest_route=%2Fwp%2Fv2%2Fcomments&post=280"}],"version-history":[{"count":11,"href":"https:\/\/goerlitzer-meridian.de\/index.php?rest_route=\/wp\/v2\/pages\/280\/revisions"}],"predecessor-version":[{"id":423,"href":"https:\/\/goerlitzer-meridian.de\/index.php?rest_route=\/wp\/v2\/pages\/280\/revisions\/423"}],"up":[{"embeddable":true,"href":"https:\/\/goerlitzer-meridian.de\/index.php?rest_route=\/wp\/v2\/pages\/126"}],"wp:attachment":[{"href":"https:\/\/goerlitzer-meridian.de\/index.php?rest_route=%2Fwp%2Fv2%2Fmedia&parent=280"}],"curies":[{"name":"wp","href":"https:\/\/api.w.org\/{rel}","templated":true}]}}