{"id":85,"date":"2014-01-28T14:43:50","date_gmt":"2014-01-28T12:43:50","guid":{"rendered":"http:\/\/goerlitzer-meridian.de\/?page_id=85"},"modified":"2025-07-30T15:17:59","modified_gmt":"2025-07-30T13:17:59","slug":"archiv-2","status":"publish","type":"page","link":"https:\/\/goerlitzer-meridian.de\/?page_id=85","title":{"rendered":"Preistr\u00e4ger 2025"},"content":{"rendered":"\n<h1 class=\"wp-block-heading\">Rita und Michael Schlamberger<\/h1>\n\n\n\n<p>Bitte merken Sie sich schon jetzt <strong>Samstag, den 27. September 2025<\/strong>, f\u00fcr ein ganz besonderes Ereignis vor:<\/p>\n\n\n\n<p>Der F\u00f6rderkreis Naturkundemuseum G\u00f6rlitz verleiht den G\u00f6rlitzer Meridian Naturfilmpreis 2025 an <strong>Dr. Rita <\/strong>und <strong>Dr. Michael Schlamberger<\/strong> \u2013 zwei der renommiertesten Naturfilmemacher Europas, deren preisgekr\u00f6nte Werke f\u00fcr atemberaubende Tieraufnahmen, filmische Eleganz und gro\u00dfe N\u00e4he zur Natur stehen.<\/p>\n\n\n\n<p><strong>Ort:<\/strong> Humboldthaus, Platz des 17. Juni 2, G\u00f6rlitz<br><strong>14\u201318 Uhr:<\/strong> Werkschau mit ausgew\u00e4hlten Naturfilmen<br><strong>19 Uhr:<\/strong> feierliche Preisverleihung<\/p>\n\n\n\n<p>&nbsp;<\/p>\n\n\n\n<p>Hier bekommen Sie schon einen kleinen <strong>Vorgeschmack auf das Werk der Preistr\u00e4ger<\/strong>:<\/p>\n\n\n<p><iframe loading=\"lazy\" width=\"560\" height=\"315\" src=\"https:\/\/www.youtube.com\/embed\/wBPOQU5GQ-0?si=zFSe9lTSZppf9qbD\" title=\"YouTube video player\" frameborder=\"0\" allow=\"accelerometer; autoplay; clipboard-write; encrypted-media; gyroscope; picture-in-picture; web-share\" referrerpolicy=\"strict-origin-when-cross-origin\" allowfullscreen><\/iframe><\/p>","protected":false},"excerpt":{"rendered":"<p>Rita und Michael Schlamberger Bitte merken Sie sich schon jetzt Samstag, den 27. September 2025, f\u00fcr ein ganz besonderes Ereignis vor: Der F\u00f6rderkreis Naturkundemuseum G\u00f6rlitz verleiht den G\u00f6rlitzer Meridian Naturfilmpreis 2025 an Dr. Rita und Dr. Michael Schlamberger \u2013 zwei der renommiertesten Naturfilmemacher Europas, deren preisgekr\u00f6nte Werke f\u00fcr atemberaubende Tieraufnahmen, filmische Eleganz und gro\u00dfe N\u00e4he [&hellip;]<\/p>\n","protected":false},"author":1,"featured_media":0,"parent":0,"menu_order":0,"comment_status":"closed","ping_status":"closed","template":"","meta":{"footnotes":""},"class_list":["post-85","page","type-page","status-publish","hentry"],"_links":{"self":[{"href":"https:\/\/goerlitzer-meridian.de\/index.php?rest_route=\/wp\/v2\/pages\/85","targetHints":{"allow":["GET"]}}],"collection":[{"href":"https:\/\/goerlitzer-meridian.de\/index.php?rest_route=\/wp\/v2\/pages"}],"about":[{"href":"https:\/\/goerlitzer-meridian.de\/index.php?rest_route=\/wp\/v2\/types\/page"}],"author":[{"embeddable":true,"href":"https:\/\/goerlitzer-meridian.de\/index.php?rest_route=\/wp\/v2\/users\/1"}],"replies":[{"embeddable":true,"href":"https:\/\/goerlitzer-meridian.de\/index.php?rest_route=%2Fwp%2Fv2%2Fcomments&post=85"}],"version-history":[{"count":89,"href":"https:\/\/goerlitzer-meridian.de\/index.php?rest_route=\/wp\/v2\/pages\/85\/revisions"}],"predecessor-version":[{"id":1071,"href":"https:\/\/goerlitzer-meridian.de\/index.php?rest_route=\/wp\/v2\/pages\/85\/revisions\/1071"}],"wp:attachment":[{"href":"https:\/\/goerlitzer-meridian.de\/index.php?rest_route=%2Fwp%2Fv2%2Fmedia&parent=85"}],"curies":[{"name":"wp","href":"https:\/\/api.w.org\/{rel}","templated":true}]}}