{"id":852,"date":"2021-03-02T12:45:50","date_gmt":"2021-03-02T10:45:50","guid":{"rendered":"http:\/\/goerlitzer-meridian.de\/?page_id=852"},"modified":"2021-03-02T12:52:04","modified_gmt":"2021-03-02T10:52:04","slug":"2019-annette-und-klaus-scheurich","status":"publish","type":"page","link":"https:\/\/goerlitzer-meridian.de\/?page_id=852","title":{"rendered":"2019 &#8211; Annette und Klaus Scheurich"},"content":{"rendered":"\n<p>Die beiden Preistr\u00e4ger haben seit 1984 weit \u00fcber 100 Filme f\u00fcr den internationalen Markt produziert und sich mit Naturdokumentationen, Abenteuerreisen und Reportagen in der Branche einen Namen gemacht. Die beiden wurden vielfach national und international ausgezeichnet, unter anderem mit dem Preis f\u00fcr den besten \u201eJugendfilm des Jahres 2015\u201c und \u201eBeste Kameraf\u00fchrung\u201c.<\/p>\n\n\n\n<figure class=\"wp-block-image size-large is-resized\"><a href=\"https:\/\/goerlitzer-meridian.de\/wp-content\/uploads\/2019\/07\/Annette-Klaus-Scheurich-c-privat.jpg\"><img loading=\"lazy\" decoding=\"async\" src=\"https:\/\/goerlitzer-meridian.de\/wp-content\/uploads\/2019\/07\/Annette-Klaus-Scheurich-c-privat.jpg\" alt=\"Annette und Klaus Scheurich, die Preistr\u00e4ger des G\u00f6rlitzer Naturfilmpreises strahlen in die Kamera. \" class=\"wp-image-794\" width=\"396\" height=\"373\"\/><\/a><figcaption>Die gl\u00fccklichen Preistr\u00e4ger des G\u00f6rlitzer Meridian Naturfilmpreises 2019: Annette und Klaus Scheurich<\/figcaption><\/figure>\n\n\n\n<p>Die beiden Geologen schufen neben klassischen Tierportraits, beispielsweise zu Grizzlys, Eisb\u00e4ren, Elchen und Adlern, auch einf\u00fchlsame Lebensraumdokumentationen \u00fcber Streuobstwiesen, Winterwelten, Storchend\u00f6rfer oder Fr\u00fchlingsvegetationen. Vielen Fernsehzuschauern werden ihre Hei\u00dfluftballon-Abenteuer in Kenia, Sri Lanka, der Mongolei und Venezuela in Erinnerung sein. Dabei zeichnen ihre Filme eine charakteristische Handschrift aus, die einhergeht mit einem hohen Wiedererkennungswert &#8211; auch wenn die Scheurichs selten direkt vor der Kamera zu sehen sind.<\/p>\n\n\n\n<p>Hier erfahren Sie mehr \u00fcber Klaus und Annette Scheurich <a rel=\"noreferrer noopener\" href=\"http:\/\/marco-polo-film.de\/\" target=\"_blank\">http:\/\/marco-polo-film.de\/<\/a><\/p>\n\n\n\n<p><\/p>\n","protected":false},"excerpt":{"rendered":"<p>Die beiden Preistr\u00e4ger haben seit 1984 weit \u00fcber 100 Filme f\u00fcr den internationalen Markt produziert und sich mit Naturdokumentationen, Abenteuerreisen und Reportagen in der Branche einen Namen gemacht. Die beiden wurden vielfach national und international ausgezeichnet, unter anderem mit dem Preis f\u00fcr den besten \u201eJugendfilm des Jahres 2015\u201c und \u201eBeste Kameraf\u00fchrung\u201c. Die beiden Geologen schufen [&hellip;]<\/p>\n","protected":false},"author":1,"featured_media":0,"parent":0,"menu_order":0,"comment_status":"closed","ping_status":"closed","template":"","meta":{"footnotes":""},"class_list":["post-852","page","type-page","status-publish","hentry"],"_links":{"self":[{"href":"https:\/\/goerlitzer-meridian.de\/index.php?rest_route=\/wp\/v2\/pages\/852","targetHints":{"allow":["GET"]}}],"collection":[{"href":"https:\/\/goerlitzer-meridian.de\/index.php?rest_route=\/wp\/v2\/pages"}],"about":[{"href":"https:\/\/goerlitzer-meridian.de\/index.php?rest_route=\/wp\/v2\/types\/page"}],"author":[{"embeddable":true,"href":"https:\/\/goerlitzer-meridian.de\/index.php?rest_route=\/wp\/v2\/users\/1"}],"replies":[{"embeddable":true,"href":"https:\/\/goerlitzer-meridian.de\/index.php?rest_route=%2Fwp%2Fv2%2Fcomments&post=852"}],"version-history":[{"count":3,"href":"https:\/\/goerlitzer-meridian.de\/index.php?rest_route=\/wp\/v2\/pages\/852\/revisions"}],"predecessor-version":[{"id":874,"href":"https:\/\/goerlitzer-meridian.de\/index.php?rest_route=\/wp\/v2\/pages\/852\/revisions\/874"}],"wp:attachment":[{"href":"https:\/\/goerlitzer-meridian.de\/index.php?rest_route=%2Fwp%2Fv2%2Fmedia&parent=852"}],"curies":[{"name":"wp","href":"https:\/\/api.w.org\/{rel}","templated":true}]}}

<p>Die beiden Preisträger haben seit 1984 weit über 100 Filme für den internationalen Markt produziert und sich mit Naturdokumentationen, Abenteuerreisen und Reportagen in der Branche einen Namen gemacht. Die beiden wurden vielfach national und international ausgezeichnet, unter anderem mit dem Preis für den besten „Jugendfilm des Jahres 2015“ und „Beste Kameraführung“.</p>



<figure class="wp-block-image size-large is-resized"><a href="https://goerlitzer-meridian.de/wp-content/uploads/2019/07/Annette-Klaus-Scheurich-c-privat.jpg"><img loading="lazy" decoding="async" src="https://goerlitzer-meridian.de/wp-content/uploads/2019/07/Annette-Klaus-Scheurich-c-privat.jpg" alt="Annette und Klaus Scheurich, die Preisträger des Görlitzer Naturfilmpreises strahlen in die Kamera. " class="wp-image-794" width="396" height="373"/></a><figcaption>Die glücklichen Preisträger des Görlitzer Meridian Naturfilmpreises 2019: Annette und Klaus Scheurich</figcaption></figure>



<p>Die beiden Geologen schufen neben klassischen Tierportraits, beispielsweise zu Grizzlys, Eisbären, Elchen und Adlern, auch einfühlsame Lebensraumdokumentationen über Streuobstwiesen, Winterwelten, Storchendörfer oder Frühlingsvegetationen. Vielen Fernsehzuschauern werden ihre Heißluftballon-Abenteuer in Kenia, Sri Lanka, der Mongolei und Venezuela in Erinnerung sein. Dabei zeichnen ihre Filme eine charakteristische Handschrift aus, die einhergeht mit einem hohen Wiedererkennungswert &#8211; auch wenn die Scheurichs selten direkt vor der Kamera zu sehen sind.</p>



<p>Hier erfahren Sie mehr über Klaus und Annette Scheurich <a rel="noreferrer noopener" href="http://marco-polo-film.de/" target="_blank">http://marco-polo-film.de/</a></p>



<p></p>

<p>Die beiden Preisträger haben seit 1984 weit über 100 Filme für den internationalen Markt produziert und sich mit Naturdokumentationen, Abenteuerreisen und Reportagen in der Branche einen Namen gemacht. Die beiden wurden vielfach national und international ausgezeichnet, unter anderem mit dem Preis für den besten „Jugendfilm des Jahres 2015“ und „Beste Kameraführung“. Die beiden Geologen schufen [&hellip;]</p>
